{"id":11109,"date":"2024-11-17T17:41:38","date_gmt":"2024-11-17T17:41:38","guid":{"rendered":"https:\/\/yuri.com.br\/claudio\/?page_id=11109"},"modified":"2024-11-30T13:10:45","modified_gmt":"2024-11-30T13:10:45","slug":"ferias-2024","status":"publish","type":"page","link":"https:\/\/yuri.com.br\/claudio\/ferias-2024\/","title":{"rendered":"F\u00e9rias 2024 (em fotos)"},"content":{"rendered":"<p>[vc_row][vc_column width=&#8221;1\/6&#8243;][\/vc_column][vc_column width=&#8221;2\/3&#8243;][vc_empty_space height=&#8221;22px&#8221;][vc_message message_box_color=&#8221;warning&#8221; icon_fontawesome=&#8221;fas fa-camera-retro&#8221;]Antigamente diziam que &#8220;uma imagem vale por mil palavras&#8221;. Ainda vale? Ou talvez o entretenimento de um v\u00eddeo curto vale mais hoje em dia? A fotografia que h\u00e1 algumas d\u00e9cadas me atraiu no hobby, vem sendo sufocada pela revolu\u00e7\u00e3o digital. Mas vou insistir em v\u00e3o. <strong><em>Clique nas imagens para legendas<\/em>.<\/strong>[\/vc_message][\/vc_column][vc_column width=&#8221;1\/6&#8243;][\/vc_column][\/vc_row][vc_row][vc_column][vc_masonry_media_grid grid_id=&#8221;vc_gid:1732905574149-43f9d914-6835-1&#8243; include=&#8221;11191,11184,11197,11192,11196,11193,11198,11195,11194,11164,11165,11166,11167,11172,11168,11169,11170,11171,11173,11174,11175,11163,11176,11177,11178,11179,11180,11181,11182,11183,11185,11186,11187,11188,11189,11190,11199,11200,11201,11202,11205,11204,11203&#8243;][\/vc_column][\/vc_row]<\/p>\n","protected":false},"excerpt":{"rendered":"<p>[vc_row][vc_column width=&#8221;1\/6&#8243;][\/vc_column][vc_column width=&#8221;2\/3&#8243;][vc_empty_space height=&#8221;22px&#8221;][vc_message message_box_color=&#8221;warning&#8221; icon_fontawesome=&#8221;fas fa-camera-retro&#8221;]Antigamente diziam que &#8220;uma imagem vale por mil palavras&#8221;. Ainda vale? Ou talvez o entretenimento de um v\u00eddeo curto vale mais hoje em dia? A fotografia que h\u00e1 algumas d\u00e9cadas me atraiu no hobby, vem sendo sufocada pela revolu\u00e7\u00e3o digital. Mas vou insistir em v\u00e3o. Clique nas imagens para&hellip;&nbsp;<a href=\"https:\/\/yuri.com.br\/claudio\/ferias-2024\/\" rel=\"bookmark\">Continue a ler &raquo;<span class=\"screen-reader-text\">F\u00e9rias 2024 (em fotos)<\/span><\/a><\/p>\n","protected":false},"author":3,"featured_media":0,"parent":0,"menu_order":0,"comment_status":"closed","ping_status":"closed","template":"page-templates\/template-pagebuilder-full-width.php","meta":{"neve_meta_sidebar":"","neve_meta_container":"contained","neve_meta_enable_content_width":"off","neve_meta_content_width":100,"neve_meta_title_alignment":"","neve_meta_author_avatar":"","neve_post_elements_order":"","neve_meta_disable_header":"","neve_meta_disable_footer":"","neve_meta_disable_title":"","jetpack_post_was_ever_published":false,"footnotes":""},"class_list":["post-11109","page","type-page","status-publish","hentry"],"jetpack_shortlink":"https:\/\/wp.me\/P4i7cB-2Tb","jetpack_sharing_enabled":true,"jetpack-related-posts":[{"id":10786,"url":"https:\/\/yuri.com.br\/claudio\/fontainebleau-2023\/","url_meta":{"origin":11109,"position":0},"title":"Fontainebleau 2023","author":"Fifi","date":"8\/maio\/2023","format":false,"excerpt":"[vc_row][vc_column][vc_empty_space height=\"44px\"][vc_text_separator title=\"PRIMAVERA DE 2023 EM FONTAINEBLEAU\" border_width=\"4\"][vc_column_text] \u00a0 \u00a0 \u00a0Em 13 anos ap\u00f3s meu \"\u00eaxodo urbano\", as viagens de f\u00e9rias se contam em uma m\u00e3o. Isso se deve a uma equa\u00e7\u00e3o dos seguintes fatores, por ordem de peso: vontade de viajar inversamente proporcional \u00e0 paz de esp\u00edrito (a necessidade\u2026","rel":"","context":"Post similar","block_context":{"text":"Post similar","link":""},"img":{"alt_text":"","src":"","width":0,"height":0},"classes":[]},{"id":7192,"url":"https:\/\/yuri.com.br\/claudio\/tick-list\/","url_meta":{"origin":11109,"position":1},"title":"Tick list","author":"Cl\u00e1udio Brisighello","date":"5\/fev\/2014","format":false,"excerpt":"[vc_row][vc_column][vc_column_text css=\".vc_custom_1721234079305{background-color: #dbdbdb !important;}\"] local setor data grau \u00a0 nome rp\/os\/fl obs. coment\u00e1rios PARAIS\u00d3POLIS VENTOS 17\/Jul\/2024 V11 *** VIOLENTAS E FR\u00c1GEIS redpoint FA Negativ\u00e3o surpreendeu PARAIS\u00d3POLIS VENTOS 15\/Jul\/2024 V12 *** VELHA CHAMA redpoint FA E o velhinho ainda \u201cchama\u201d PARAIS\u00d3POLIS VENTOS 13\/Jul\/2024 V5 *** SEM DELONGAS redpoint \u00a0 Extens\u00e3o ficou\u2026","rel":"","context":"Post similar","block_context":{"text":"Post similar","link":""},"img":{"alt_text":"","src":"","width":0,"height":0},"classes":[]},{"id":9305,"url":"https:\/\/yuri.com.br\/claudio\/pao-basico\/","url_meta":{"origin":11109,"position":2},"title":"O p\u00e3o b\u00e1sico de fermenta\u00e7\u00e3o natural","author":"Cl\u00e1udio Brisighello","date":"9\/ago\/2015","format":false,"excerpt":"[vc_row][vc_column][vc_single_image image=\"9673\" img_size=\"full\" alignment=\"center\"][vc_text_separator title=\"O P\u00c3O B\u00c1SICO\" i_icon_fontawesome=\"fas fa-hand-point-right\" i_color=\"black\" i_size=\"sm\" title_align=\"separator_align_left\" border_width=\"4\" add_icon=\"true\" css=\".vc_custom_1689086531307{margin-top: 40px !important;}\"][vc_column_text] \u00a0 \u00a0 \u00a0Agora que entendemos um pouco sobre a\u00a0fermenta\u00e7\u00e3o natural\u00a0e como fazer o nosso pr\u00f3prio levain, vamos finalmente ao que interessa. Mas se voc\u00ea chegou aqui \u00e0 procura de uma r\u00e1pida \"receita de\u2026","rel":"","context":"Post similar","block_context":{"text":"Post similar","link":""},"img":{"alt_text":"","src":"","width":0,"height":0},"classes":[]},{"id":11040,"url":"https:\/\/yuri.com.br\/claudio\/wpbc-booking\/","url_meta":{"origin":11109,"position":3},"title":"Booking Form","author":"Fifi","date":"2\/jan\/2024","format":false,"excerpt":"[booking resource_id=1]","rel":"","context":"Post similar","block_context":{"text":"Post similar","link":""},"img":{"alt_text":"","src":"","width":0,"height":0},"classes":[]},{"id":9859,"url":"https:\/\/yuri.com.br\/claudio\/blog\/","url_meta":{"origin":11109,"position":4},"title":"Blog","author":"Cl\u00e1udio Brisighello","date":"24\/out\/2018","format":false,"excerpt":"[vc_row][vc_column css=\".vc_custom_1689098880401{margin-top: 40px !important;}\"][vc_wp_posts title=\"Blog antigo (2008-2015)\" number=\"1000\" show_date=\"1\"][\/vc_column][\/vc_row]","rel":"","context":"Post similar","block_context":{"text":"Post similar","link":""},"img":{"alt_text":"","src":"","width":0,"height":0},"classes":[]},{"id":4965,"url":"https:\/\/yuri.com.br\/claudio\/indoor\/","url_meta":{"origin":11109,"position":5},"title":"Indoor","author":"claudio","date":"8\/maio\/2013","format":false,"excerpt":"[vc_row][vc_column][vc_masonry_media_grid element_width=\"2\" item=\"masonryMedia_SolidBlurOut\" initial_loading_animation=\"fadeIn\" grid_id=\"vc_gid:1540477844238-4a853077-cc4c-6\" include=\"4972,4970,4966,4971,4969,4973,4968,4967,5561,5559,5560,9554,9657,9658\"][\/vc_column][\/vc_row] [vc_row][vc_column][vc_empty_space height=\"22px\"][vc_custom_heading text=\"acervo desde 2000\" font_container=\"tag:div|font_size:6|text_align:right|color:%23565656|line_height:10px\" google_fonts=\"font_family:Nothing%20You%20Could%20Do%3Aregular|font_style:400%20regular%3A400%3Anormal\"][vc_custom_heading text=\"imagens +antigas = baixa resolu\u00e7\u00e3o\" font_container=\"tag:div|font_size:6|text_align:right|color:%23c4c4c4|line_height:8px\" google_fonts=\"font_family:Oswald%3A300%2Cregular%2C700|font_style:300%20light%20regular%3A300%3Anormal\"][\/vc_column][\/vc_row]","rel":"","context":"Post similar","block_context":{"text":"Post similar","link":""},"img":{"alt_text":"","src":"https:\/\/i0.wp.com\/yuri.com.br\/claudio\/wp-content\/uploads\/2013\/05\/brasileiro_rafinha_large.jpg?resize=350%2C200&ssl=1","width":350,"height":200},"classes":[]}],"_links":{"self":[{"href":"https:\/\/yuri.com.br\/claudio\/wp-json\/wp\/v2\/pages\/11109","targetHints":{"allow":["GET"]}}],"collection":[{"href":"https:\/\/yuri.com.br\/claudio\/wp-json\/wp\/v2\/pages"}],"about":[{"href":"https:\/\/yuri.com.br\/claudio\/wp-json\/wp\/v2\/types\/page"}],"author":[{"embeddable":true,"href":"https:\/\/yuri.com.br\/claudio\/wp-json\/wp\/v2\/users\/3"}],"replies":[{"embeddable":true,"href":"https:\/\/yuri.com.br\/claudio\/wp-json\/wp\/v2\/comments?post=11109"}],"version-history":[{"count":18,"href":"https:\/\/yuri.com.br\/claudio\/wp-json\/wp\/v2\/pages\/11109\/revisions"}],"predecessor-version":[{"id":11217,"href":"https:\/\/yuri.com.br\/claudio\/wp-json\/wp\/v2\/pages\/11109\/revisions\/11217"}],"wp:attachment":[{"href":"https:\/\/yuri.com.br\/claudio\/wp-json\/wp\/v2\/media?parent=11109"}],"curies":[{"name":"wp","href":"https:\/\/api.w.org\/{rel}","templated":true}]}}

Férias 2024 (em fotos)

<p>[vc_row][vc_column width=&#8221;1/6&#8243;][/vc_column][vc_column width=&#8221;2/3&#8243;][vc_empty_space height=&#8221;22px&#8221;][vc_message message_box_color=&#8221;warning&#8221; icon_fontawesome=&#8221;fas fa-camera-retro&#8221;]Antigamente diziam que &#8220;uma imagem vale por mil palavras&#8221;. Ainda vale? Ou talvez o entretenimento de um vídeo curto vale mais hoje em dia? A fotografia que há algumas décadas me atraiu no hobby, vem sendo sufocada pela revolução digital. Mas vou insistir em vão. <strong><em>Clique nas imagens para legendas</em>.</strong>[/vc_message][/vc_column][vc_column width=&#8221;1/6&#8243;][/vc_column][/vc_row][vc_row][vc_column][vc_masonry_media_grid grid_id=&#8221;vc_gid:1732905574149-43f9d914-6835-1&#8243; include=&#8221;11191,11184,11197,11192,11196,11193,11198,11195,11194,11164,11165,11166,11167,11172,11168,11169,11170,11171,11173,11174,11175,11163,11176,11177,11178,11179,11180,11181,11182,11183,11185,11186,11187,11188,11189,11190,11199,11200,11201,11202,11205,11204,11203&#8243;][/vc_column][/vc_row]</p>

<p>[vc_row][vc_column width=&#8221;1/6&#8243;][/vc_column][vc_column width=&#8221;2/3&#8243;][vc_empty_space height=&#8221;22px&#8221;][vc_message message_box_color=&#8221;warning&#8221; icon_fontawesome=&#8221;fas fa-camera-retro&#8221;]Antigamente diziam que &#8220;uma imagem vale por mil palavras&#8221;. Ainda vale? Ou talvez o entretenimento de um vídeo curto vale mais hoje em dia? A fotografia que há algumas décadas me atraiu no hobby, vem sendo sufocada pela revolução digital. Mas vou insistir em vão. Clique nas imagens para&hellip;&nbsp;<a href="https://yuri.com.br/claudio/ferias-2024/" rel="bookmark">Continue a ler &raquo;<span class="screen-reader-text">Férias 2024 (em fotos)</span></a></p>

[vc_row][vc_column][vc_empty_space height="44px"][vc_text_separator title="PRIMAVERA DE 2023 EM FONTAINEBLEAU" border_width="4"][vc_column_text]      Em 13 anos após meu "êxodo urbano", as viagens de férias se contam em uma mão. Isso se deve a uma equação dos seguintes fatores, por ordem de peso: vontade de viajar inversamente proporcional à paz de espírito (a necessidade…

Cláudio Brisighello

[vc_row][vc_column][vc_column_text css=".vc_custom_1721234079305{background-color: #dbdbdb !important;}"] local setor data grau   nome rp/os/fl obs. comentários PARAISÓPOLIS VENTOS 17/Jul/2024 V11 *** VIOLENTAS E FRÁGEIS redpoint FA Negativão surpreendeu PARAISÓPOLIS VENTOS 15/Jul/2024 V12 *** VELHA CHAMA redpoint FA E o velhinho ainda “chama” PARAISÓPOLIS VENTOS 13/Jul/2024 V5 *** SEM DELONGAS redpoint   Extensão ficou…

O pão básico de fermentação natural

[vc_row][vc_column][vc_single_image image="9673" img_size="full" alignment="center"][vc_text_separator title="O PÃO BÁSICO" i_icon_fontawesome="fas fa-hand-point-right" i_color="black" i_size="sm" title_align="separator_align_left" border_width="4" add_icon="true" css=".vc_custom_1689086531307{margin-top: 40px !important;}"][vc_column_text]      Agora que entendemos um pouco sobre a fermentação natural e como fazer o nosso próprio levain, vamos finalmente ao que interessa. Mas se você chegou aqui à procura de uma rápida "receita de…

[vc_row][vc_column][vc_masonry_media_grid element_width="2" item="masonryMedia_SolidBlurOut" initial_loading_animation="fadeIn" grid_id="vc_gid:1540477844238-4a853077-cc4c-6" include="4972,4970,4966,4971,4969,4973,4968,4967,5561,5559,5560,9554,9657,9658"][/vc_column][/vc_row] [vc_row][vc_column][vc_empty_space height="22px"][vc_custom_heading text="acervo desde 2000" font_container="tag:div|font_size:6|text_align:right|color:%23565656|line_height:10px" google_fonts="font_family:Nothing%20You%20Could%20Do%3Aregular|font_style:400%20regular%3A400%3Anormal"][vc_custom_heading text="imagens +antigas = baixa resolução" font_container="tag:div|font_size:6|text_align:right|color:%23c4c4c4|line_height:8px" google_fonts="font_family:Oswald%3A300%2Cregular%2C700|font_style:300%20light%20regular%3A300%3Anormal"][/vc_column][/vc_row]
