{"id":10786,"date":"2023-05-08T18:20:09","date_gmt":"2023-05-08T18:20:09","guid":{"rendered":"https:\/\/yuri.com.br\/claudio\/?page_id=10786"},"modified":"2023-07-11T15:51:52","modified_gmt":"2023-07-11T15:51:52","slug":"fontainebleau-2023","status":"publish","type":"page","link":"https:\/\/yuri.com.br\/claudio\/fontainebleau-2023\/","title":{"rendered":"Fontainebleau 2023"},"content":{"rendered":"<p>[vc_row][vc_column][vc_empty_space height=&#8221;44px&#8221;][vc_text_separator title=&#8221;PRIMAVERA DE 2023 EM FONTAINEBLEAU&#8221; border_width=&#8221;4&#8243;][vc_column_text]<\/p>\n<p style=\"text-align: justify;\">\u00a0 \u00a0 \u00a0Em 13 anos ap\u00f3s meu &#8220;\u00eaxodo urbano&#8221;, as viagens de f\u00e9rias se contam em uma m\u00e3o. Isso se deve a uma equa\u00e7\u00e3o dos seguintes fatores, por ordem de peso: vontade de viajar inversamente proporcional \u00e0 paz de esp\u00edrito (a necessidade de sair de casa diminuiu drasticamente); redu\u00e7\u00e3o de impacto com ado\u00e7\u00e3o de um novo estilo de vida; recursos financeiros limitados (na vida eu vejo 2 buscas &#8211; dinheiro ou vida &#8211; eu escolhi a segunda :-). Com tal esporadicidade, soa il\u00f3gico investir, nesta \u00faltima viagem, em um roteiro &#8220;deja vu&#8221;: 30 dias em Fontainebleau, seguido da querida B\u00e9lgica. Quase um repeteco de <a href=\"https:\/\/yuri.com.br\/claudio\/fontainebleau-2017\/\" target=\"_blank\" rel=\"noopener\">2007<\/a>. Desta vez, ainda tivemos a oportunidade de conhecer a teicultura na Europa. Dos tais 3 fatores, a &#8220;necessidade&#8221; ultrapassou os limites, ap\u00f3s uma exaustiva resili\u00eancia de trabalhos desde o in\u00edcio da pandemia.<\/p>\n<p><!--more-->[\/vc_column_text][vc_single_image image=&#8221;10787&#8243; img_size=&#8221;full&#8221; add_caption=&#8221;yes&#8221; alignment=&#8221;center&#8221; css=&#8221;.vc_custom_1683569665968{padding-bottom: -10px !important;}&#8221;][vc_column_text]<\/p>\n<p style=\"text-align: justify;\">\u00a0 \u00a0 \u00a0Sobre escalada. Afinal, 90% da viagem se resumiu em acordar, tomar um caf\u00e9 da manh\u00e3 sempre acompanhado de um bom queijo branco, preparar um lanche e me dirigir pra floresta, retornando \u00e0 noite para cozinhar a janta. Monotonia pra uma vida inteira. A sensa\u00e7\u00e3o \u00e9 de sorte, camuflando um enorme esfor\u00e7o pessoal ap\u00f3s a aposentadoria me testar cruelmente nos \u00faltimos anos. &#8220;Sorte&#8221; por ainda poder desfrutar, com relativa sa\u00fade, de um dos melhores lugares para a pr\u00e1tica do bouldering no mundo. Meu presun\u00e7oso objetivo, de tentar os oitavos, foi cumprido com uma entrega sincera. Apanhei de muitos deles, absorvi bastante refer\u00eancia, me surpreendi &#8211; positivamente e tamb\u00e9m negativamente &#8211; com a qualidade das linhas. Reforcei a satisfa\u00e7\u00e3o em ter cl\u00e1ssicos &#8220;world-class&#8221; aqui no quintal de minha casa. Reforcei o velho conceito da surra tamb\u00e9m acontecer nos graus inferiores, que por vezes s\u00e3o superiores em qualidade e n\u00e3o faltam em boas li\u00e7\u00f5es. Minha admira\u00e7\u00e3o pelos <em>bleausards<\/em> s\u00f3 aumentou ao procurar conhecer os personagens por detr\u00e1s das linhas intrigantes \u00e0 minha frente. Muitos deles continuam arrebentando at\u00e9 hoje, com mais de 50 anos na carca\u00e7a. Fontainebleau continua sendo para mim a melhor escola de movimenta\u00e7\u00e3o em rocha que existe, uma demagogia justificada pelo &#8220;titiu&#8221; aqui que j\u00e1 conheceu outras mecas mundo afora. Tem algo especial l\u00e1&#8230;<\/p>\n<p style=\"text-align: justify;\">\u00a0 \u00a0 \u00a0Conforme dito, tratei o ego no chinelo e, diferente da \u00faltima vez (quando o foco foi &#8220;volume de cadenas&#8221; ou &#8220;zona de conforto&#8221;), filmei muito pouco visto que, na maior parte do tempo, n\u00e3o valia montar a c\u00e2mera para filmar sessions que sequer evolu\u00edam para tentativas integrais de um boulder. Alguns eu fiquei h\u00e1 1 movimento disto, mas \u00e9 ilus\u00f3rio quando se trata de uma linha com crux acentuado. Enfim, compilei um punhado de poucos registros pra n\u00e3o passar em branco:<\/p>\n<p>[\/vc_column_text][\/vc_column][\/vc_row][vc_row][vc_column][vc_column_text disable_pattern=&#8221;true&#8221; align=&#8221;left&#8221; margin_bottom=&#8221;0&#8243; css=&#8221;.vc_custom_1683569627560{margin-bottom: 0px !important;}&#8221;]https:\/\/youtu.be\/R8h-FuwfT1o[\/vc_column_text][vc_empty_space height=&#8221;44px&#8221;][\/vc_column][\/vc_row][vc_row][vc_column][vc_column_text]<\/p>\n<p style=\"text-align: justify;\">\u00a0 \u00a0 \u00a0E pra n\u00e3o deixar isto com cara de &#8220;meu querido di\u00e1rio in\u00fatil&#8221;, anotei algumas recomenda\u00e7\u00f5es para voc\u00ea que est\u00e1 indo a Fontainebleau pela primeira vez. Mas que fique claro: tem brasileiros com muito mais experi\u00eancia por l\u00e1 do que eu. Fa\u00e7a sua pr\u00f3pria pesquisa e n\u00e3o se limite \u00e0s minhas dicas.<\/p>\n<p style=\"text-align: justify;\"><strong>1) Quando ir:<\/strong> obviamente primavera ou outono. Vivenciei ambos. Uma coisa legal do primeiro \u00e9 ter os dias bem mais longos, embora seje pouco necess\u00e1rio escalar at\u00e9 a noite devido \u00e0s boas condi\u00e7\u00f5es ao longo do dia. J\u00e1 no outuno, talvez, as paisagens encantem mais. Em Mar\u00e7o temos uma floresta ainda reiniciando seu ciclo de vida p\u00f3s inverno. A prop\u00f3sito, j\u00e1 estive em Fevereiro tamb\u00e9m, quando o frio pode ser proibitivo para n\u00f3s, brasileiros.<\/p>\n<p style=\"text-align: justify;\"><strong>2) Onde ficar:<\/strong> a brasileirada \u00e9 ass\u00eddua no <a href=\"https:\/\/www.gitearbonne.com\/\" target=\"_blank\" rel=\"noopener\">G\u00eete Arbonne<\/a> e <a href=\"https:\/\/www.bloasis.fr\/\" target=\"_blank\" rel=\"noopener\">Bloasis<\/a>, se n\u00e3o quiser perder tempo pesquisando, esses n\u00e3o tem erro. Como eu fiquei um per\u00edodo grande, optei desta vez pelo <em>airbnb<\/em>. Encontrei uma pechincha de \u00f3tima qualidade em Nemours, o que me estimulou a conhecer as \u00e1reas mais ao sul, onde n\u00e3o havia ido tanto antes. Por falar em estadia mais longa: dispor de uma m\u00e1quina de lavar roupa em casa, fez enorme diferen\u00e7a.<\/p>\n<p style=\"text-align: justify;\"><strong>3) Guias:<\/strong> aqui s\u00f3 me resta propagar o sistema que sou suspeito para falar, o <a href=\"https:\/\/bleau.info\/\" target=\"_blank\" rel=\"noopener\">bleau.info<\/a>! Sua combina\u00e7\u00e3o com o livro <a href=\"https:\/\/www.7plus8.com\/\" target=\"_blank\" rel=\"noopener\">7+8<\/a>, me fez encontrar os boulders mais escondidos de forma independente. Generalizando um pouco, qualquer linha com mais de 4 estrelas (e muitos votos) no site, ser\u00e1 &#8220;satisfa\u00e7\u00e3o garantida&#8221;. Muitas delas tem v\u00eddeos caso goste de j\u00e1 ter uns betas. E conforme sabemos, leve a sua sapata da humildade: escolha projetos a cerca de 2 graus abaixo do seu limite usual. Na verdade, patinar nos graus mais baixos l\u00e1 \u00e9 uma <a href=\"https:\/\/www.youtube.com\/watch?v=0J12qo6hQSQ\" target=\"_blank\" rel=\"noopener\">realidade<\/a> pra escalador de qualquer n\u00edvel.<\/p>\n<p style=\"text-align: justify;\"><strong>4) Mais de 250 setores:<\/strong> minha recomenda\u00e7\u00e3o \u00e9 pessoal, pois n\u00e3o gosto de &#8220;crowd&#8221;. Ent\u00e3o acabo evitando os grandes setores, onde literalmente centenas de pessoas transitam em um dia. Se voc\u00ea gosta ou precisa se enturmar, arrumar parceiro, n\u00e3o quer se perder procurando boulder, estes s\u00e3o alguns dos grandes: Cuvier, Isatis, Cul de Chien, \u00c9l\u00e9phant. Dependendo do dia, ter\u00e1 dificuldade em encontrar vaga para estacionar. Caminhar pelo setor vai te lembrar v\u00e9spera de Natal no shopping Aricanduva, s\u00f3 que com chances de pisar em papel higi\u00eanico usado ou bosta de beb\u00ea. Ali\u00e1s, s\u00e3o muitos os setores &#8220;family friendly&#8221;. \u00c9 comum hoje ver casais de escaladores com filhos pequenos, sendo acolhidos pela acessibilidade rid\u00edcula de alguns setores por l\u00e1. Por fim, insisto em se dar pelo menos uma chance de sentir a &#8220;paz da floresta&#8221;, considerando os setores menores. Alguns desses v\u00e3o oferecer apenas uma ou duas op\u00e7\u00f5es de qualidade. Mas que geralmente surpreendem. Al\u00e9m de aumentar as chances de voc\u00ea sentir aquele m\u00e1gico arenito na sua pele, ao inv\u00e9s de um implastro de magn\u00e9sio ou aqueles p\u00e9s pretejados por borracha (aqui vale um <a href=\"http:\/\/nikyceria.blogspot.com\/2017\/04\/wear-and-tear-in-bouldering-mecca.html\" target=\"_blank\" rel=\"noopener\">lembrete<\/a>: escovar tudo, limpar a areia da sapata, minimizar tick marks, s\u00e3o excelentes pr\u00e1ticas).<\/p>\n<p style=\"text-align: justify;\"><strong>5) Crashpads:<\/strong> como viajar em classe econ\u00f4mica com 2 bagagens inclusas virou coisa do passado, alugar crash se tornou uma \u00f3tima op\u00e7\u00e3o. Afinal, mala extra chega a custar 50 euros por trecho, podendo totalizar at\u00e9 200 ida e volta (sem contar o risco de pagar um excedente por volume de bagagem especial). De quebra, te poupa o transtorno de carregar um colch\u00e3o durante o resto da viagem, caso voc\u00ea pretenda destinos al\u00e9m do climb, como eu fiz. A op\u00e7\u00e3o mais barata foi o <a href=\"https:\/\/www.padadise.com\/\" target=\"_blank\" rel=\"noopener\">Padadise<\/a>, com retirada e devolu\u00e7\u00e3o bem pr\u00e1ticas e o equipamento estava em bom estado. Planeje bem esta parte pois interfere diretamente no seu proveito nos boulders, j\u00e1 que muitos cl\u00e1ssicos n\u00e3o s\u00e3o exatamente lowballs.<\/p>\n<p style=\"text-align: justify;\"><strong>6) Dia de descanso:<\/strong> provavelmente as inevit\u00e1veis chuvas ir\u00e3o ditar quando se tira um dia de descanso em Fontainebleau. Uma dica \u00e9 que todo primeiro domingo do m\u00eas existe um incentivo cultural no pa\u00eds onde diversos museus, castelos etc., ficam gratuitos. Se estiver de carro (extremamente recomendado), divirta-se, vou poupar as delongas pois em turismo convencional at\u00e9 o <em>ChatGPT<\/em> poder\u00e1 te ajudar. Um destaque nos meus passeios foi uma visita em Chablis, famosa regi\u00e3o produtora de vinho branco. Curtir um Petit Chablis (o mais barato deles &#8211; <a href=\"https:\/\/chablisienne.com\/en\/home\/\" target=\"_blank\" rel=\"noopener\">La Chablisienne<\/a> \u00e9 uma cooperativa com \u00f3timo custo-benef\u00edcio), comendo queijo rochefort e um bom p\u00e3o com nozes, \u00e9 daquelas experi\u00eancias que te garantem alguns palavr\u00f5es espont\u00e2neos de prazer.<\/p>\n<p style=\"text-align: justify;\"><strong>7) Quanto tempo de viagem: <\/strong>no m\u00ednimo 2 semanas. N\u00e3o acho que vale a pena picar o nosso desvalorizado R$ indo pra Europa e ficar s\u00f3 uns 10 dias em Fontainebleau. Se a meteorologia atrapalhar seus planos, correr\u00e1 o risco de ter escolhas limitadas aos setores mais abertos (nos belos bosques h\u00e1 blocos que precisam de v\u00e1rios dias at\u00e9 secar) e sair\u00e1 de l\u00e1 com uma impress\u00e3o aqu\u00e9m da oportunidade que teve. Sem contar o per\u00edodo de adapta\u00e7\u00e3o: leva alguns dias at\u00e9 come\u00e7ar a entender que a escalada por l\u00e1 n\u00e3o se resume a for\u00e7a f\u00edsica&#8230;<\/p>\n<p>[\/vc_column_text][vc_single_image image=&#8221;10799&#8243; img_size=&#8221;full&#8221; add_caption=&#8221;yes&#8221; alignment=&#8221;center&#8221; css=&#8221;.vc_custom_1683570897053{padding-bottom: -10px !important;}&#8221;][\/vc_column][\/vc_row]<\/p>\n","protected":false},"excerpt":{"rendered":"<p>[vc_row][vc_column][vc_empty_space height=&#8221;44px&#8221;][vc_text_separator title=&#8221;PRIMAVERA DE 2023 EM FONTAINEBLEAU&#8221; border_width=&#8221;4&#8243;][vc_column_text] \u00a0 \u00a0 \u00a0Em 13 anos ap\u00f3s meu &#8220;\u00eaxodo urbano&#8221;, as viagens de f\u00e9rias se contam em uma m\u00e3o. Isso se deve a uma equa\u00e7\u00e3o dos seguintes fatores, por ordem de peso: vontade de viajar inversamente proporcional \u00e0 paz de esp\u00edrito (a necessidade de sair de casa diminuiu&hellip;&nbsp;<a href=\"https:\/\/yuri.com.br\/claudio\/fontainebleau-2023\/\" rel=\"bookmark\">Continue a ler &raquo;<span class=\"screen-reader-text\">Fontainebleau 2023<\/span><\/a><\/p>\n","protected":false},"author":3,"featured_media":0,"parent":0,"menu_order":0,"comment_status":"closed","ping_status":"closed","template":"","meta":{"neve_meta_sidebar":"","neve_meta_container":"","neve_meta_enable_content_width":"","neve_meta_content_width":0,"neve_meta_title_alignment":"","neve_meta_author_avatar":"","neve_post_elements_order":"","neve_meta_disable_header":"","neve_meta_disable_footer":"","neve_meta_disable_title":"","jetpack_post_was_ever_published":false,"footnotes":""},"class_list":["post-10786","page","type-page","status-publish","hentry"],"jetpack_shortlink":"https:\/\/wp.me\/P4i7cB-2NY","jetpack_sharing_enabled":true,"jetpack-related-posts":[{"id":7192,"url":"https:\/\/yuri.com.br\/claudio\/tick-list\/","url_meta":{"origin":10786,"position":0},"title":"Tick list","author":"Cl\u00e1udio Brisighello","date":"5\/fev\/2014","format":false,"excerpt":"[vc_row][vc_column][vc_column_text css=\".vc_custom_1721234079305{background-color: #dbdbdb !important;}\"] local setor data grau \u00a0 nome rp\/os\/fl obs. coment\u00e1rios PARAIS\u00d3POLIS VENTOS 17\/Jul\/2024 V11 *** VIOLENTAS E FR\u00c1GEIS redpoint FA Negativ\u00e3o surpreendeu PARAIS\u00d3POLIS VENTOS 15\/Jul\/2024 V12 *** VELHA CHAMA redpoint FA E o velhinho ainda \u201cchama\u201d PARAIS\u00d3POLIS VENTOS 13\/Jul\/2024 V5 *** SEM DELONGAS redpoint \u00a0 Extens\u00e3o ficou\u2026","rel":"","context":"Post similar","block_context":{"text":"Post similar","link":""},"img":{"alt_text":"","src":"","width":0,"height":0},"classes":[]},{"id":9606,"url":"https:\/\/yuri.com.br\/claudio\/fontainebleau-2017\/","url_meta":{"origin":10786,"position":1},"title":"Fontainebleau 2017","author":"Cl\u00e1udio Brisighello","date":"27\/nov\/2017","format":false,"excerpt":"[vc_row][vc_column][vc_empty_space height=\"44px\"][vc_text_separator title=\"OUTONO DE 2017 EM FONTAINEBLEAU\" border_width=\"4\"][vc_column_text] \u00a0 \u00a0 \u00a0Fontainebleau dispensa apresenta\u00e7\u00f5es, afinal se trata de um dos ber\u00e7os hist\u00f3ricos do bouldering, com escaladas que beiram um s\u00e9culo de exist\u00eancia. Ent\u00e3o vou apenas refor\u00e7ar o coro: \u00e9 um destino \"pacote completo\". Linhas infinitas, cen\u00e1rios magn\u00edficos, cultura hist\u00f3rica, sem falar\u2026","rel":"","context":"Post similar","block_context":{"text":"Post similar","link":""},"img":{"alt_text":"","src":"","width":0,"height":0},"classes":[]},{"id":10554,"url":"https:\/\/yuri.com.br\/claudio\/sobre-boulders-e-plaquinhas\/","url_meta":{"origin":10786,"position":2},"title":"Sobre boulders e plaquinhas","author":"Cl\u00e1udio Brisighello","date":"31\/maio\/2021","format":false,"excerpt":"[vc_row][vc_column][vc_empty_space height=\"44px\"][vc_text_separator title=\"SOBRE BOULDERS E PLAQUINHAS\" i_icon_fontawesome=\"fas fa-exclamation-circle\" i_color=\"custom\" i_size=\"sm\" title_align=\"separator_align_left\" border_width=\"4\" add_icon=\"true\" i_custom_color=\"#cc2424\"][vc_column_text] \u00a0 \u00a0 Desde a chegada da pandemia em 2020, as poucas op\u00e7\u00f5es me levaram de volta \u00e0 Pedra do Cruzeiro em Gon\u00e7alves, local que eu n\u00e3o frequentava h\u00e1 6 anos, exceto espor\u00e1dicas visitas aos propriet\u00e1rios para\u2026","rel":"","context":"Post similar","block_context":{"text":"Post similar","link":""},"img":{"alt_text":"","src":"https:\/\/i0.wp.com\/yuri.com.br\/claudio\/wp-content\/uploads\/2021\/05\/croquis.jpg?resize=350%2C200&ssl=1","width":350,"height":200,"srcset":"https:\/\/i0.wp.com\/yuri.com.br\/claudio\/wp-content\/uploads\/2021\/05\/croquis.jpg?resize=350%2C200&ssl=1 1x, https:\/\/i0.wp.com\/yuri.com.br\/claudio\/wp-content\/uploads\/2021\/05\/croquis.jpg?resize=525%2C300&ssl=1 1.5x, https:\/\/i0.wp.com\/yuri.com.br\/claudio\/wp-content\/uploads\/2021\/05\/croquis.jpg?resize=700%2C400&ssl=1 2x, https:\/\/i0.wp.com\/yuri.com.br\/claudio\/wp-content\/uploads\/2021\/05\/croquis.jpg?resize=1050%2C600&ssl=1 3x, https:\/\/i0.wp.com\/yuri.com.br\/claudio\/wp-content\/uploads\/2021\/05\/croquis.jpg?resize=1400%2C800&ssl=1 4x"},"classes":[]},{"id":11015,"url":"https:\/\/yuri.com.br\/claudio\/daruma\/","url_meta":{"origin":10786,"position":3},"title":"Daruma","author":"Fifi","date":"15\/dez\/2023","format":false,"excerpt":"[vc_row][vc_column][vc_empty_space height=\"52px\"][vc_single_image image=\"11016\" img_size=\"700\" alignment=\"center\" style=\"vc_box_rounded\" css_animation=\"fadeIn\" css=\".vc_custom_1702648475857{margin-bottom: 5px !important;}\"][vc_column_text] momentos in\u00e9ditos: a descoberta do bloco e a 1a. sondada no imponente negativo (2014) [\/vc_column_text][vc_column_text] DARUMA - muito al\u00e9m da primeira ascens\u00e3o [\/vc_column_text][vc_column_text]Dia 1o. de setembro de 2023 finalizei o que veio a se chamar \"Daruma\", mais um belo e\u2026","rel":"","context":"Post similar","block_context":{"text":"Post similar","link":""},"img":{"alt_text":"","src":"","width":0,"height":0},"classes":[]},{"id":9229,"url":"https:\/\/yuri.com.br\/claudio\/criando-seu-proprio-levain\/","url_meta":{"origin":10786,"position":4},"title":"Fazendo o seu pr\u00f3prio levain","author":"Cl\u00e1udio Brisighello","date":"31\/jul\/2015","format":false,"excerpt":"[vc_row][vc_column][vc_single_image image=\"9361\" img_size=\"full\" alignment=\"center\"][vc_text_separator title=\"CRIANDO A SUA PR\u00d3PRIA CULTURA\" i_icon_fontawesome=\"fas fa-hand-point-right\" i_color=\"black\" i_size=\"sm\" title_align=\"separator_align_left\" border_width=\"4\" add_icon=\"true\"][vc_column_text] \u00a0 \u00a0 \u00a0O m\u00e9todo a seguir \u00e9 baseado em livros e \u201creceitas\u201d de profissionais, mas n\u00e3o h\u00e1 segredo algum, o processo se desencadeia a partir do momento em que se hidrata a farinha e\u2026","rel":"","context":"Post similar","block_context":{"text":"Post similar","link":""},"img":{"alt_text":"","src":"","width":0,"height":0},"classes":[]},{"id":10610,"url":"https:\/\/yuri.com.br\/claudio\/terra-do-nunca\/","url_meta":{"origin":10786,"position":5},"title":"Terra do Nunca","author":"Cl\u00e1udio Brisighello","date":"21\/jun\/2021","format":false,"excerpt":"[vc_row][vc_column][vc_empty_space height=\"52px\"][vc_column_text] TERRA DO NUNCA: senta que l\u00e1 vem text\u00e3o, desses que n\u00e3o cabe em timeline... [\/vc_column_text][vc_single_image image=\"10611\" img_size=\"1600\" alignment=\"center\" style=\"vc_box_rounded\" css_animation=\"fadeIn\" css=\".vc_custom_1689089398661{margin-bottom: 5px !important;}\"][vc_column_text] Quando um projeto deixa de ser guerra, para se tornar igreja... [\/vc_column_text][vc_column_text] No calor do fim de outubro, 2020, uma motiva\u00e7\u00e3o sob circunst\u00e2ncias in\u00e9ditas me\u2026","rel":"","context":"Post similar","block_context":{"text":"Post similar","link":""},"img":{"alt_text":"","src":"https:\/\/i0.wp.com\/yuri.com.br\/claudio\/wp-content\/uploads\/2021\/06\/sd1.jpg?resize=350%2C200&ssl=1","width":350,"height":200,"srcset":"https:\/\/i0.wp.com\/yuri.com.br\/claudio\/wp-content\/uploads\/2021\/06\/sd1.jpg?resize=350%2C200&ssl=1 1x, https:\/\/i0.wp.com\/yuri.com.br\/claudio\/wp-content\/uploads\/2021\/06\/sd1.jpg?resize=525%2C300&ssl=1 1.5x, https:\/\/i0.wp.com\/yuri.com.br\/claudio\/wp-content\/uploads\/2021\/06\/sd1.jpg?resize=700%2C400&ssl=1 2x, https:\/\/i0.wp.com\/yuri.com.br\/claudio\/wp-content\/uploads\/2021\/06\/sd1.jpg?resize=1050%2C600&ssl=1 3x, https:\/\/i0.wp.com\/yuri.com.br\/claudio\/wp-content\/uploads\/2021\/06\/sd1.jpg?resize=1400%2C800&ssl=1 4x"},"classes":[]}],"_links":{"self":[{"href":"https:\/\/yuri.com.br\/claudio\/wp-json\/wp\/v2\/pages\/10786","targetHints":{"allow":["GET"]}}],"collection":[{"href":"https:\/\/yuri.com.br\/claudio\/wp-json\/wp\/v2\/pages"}],"about":[{"href":"https:\/\/yuri.com.br\/claudio\/wp-json\/wp\/v2\/types\/page"}],"author":[{"embeddable":true,"href":"https:\/\/yuri.com.br\/claudio\/wp-json\/wp\/v2\/users\/3"}],"replies":[{"embeddable":true,"href":"https:\/\/yuri.com.br\/claudio\/wp-json\/wp\/v2\/comments?post=10786"}],"version-history":[{"count":21,"href":"https:\/\/yuri.com.br\/claudio\/wp-json\/wp\/v2\/pages\/10786\/revisions"}],"predecessor-version":[{"id":10936,"href":"https:\/\/yuri.com.br\/claudio\/wp-json\/wp\/v2\/pages\/10786\/revisions\/10936"}],"wp:attachment":[{"href":"https:\/\/yuri.com.br\/claudio\/wp-json\/wp\/v2\/media?parent=10786"}],"curies":[{"name":"wp","href":"https:\/\/api.w.org\/{rel}","templated":true}]}}