{"id":10177,"date":"2018-10-27T17:09:29","date_gmt":"2018-10-27T17:09:29","guid":{"rendered":"http:\/\/yuri.com.br\/claudio\/?page_id=10177"},"modified":"2023-07-11T15:52:34","modified_gmt":"2023-07-11T15:52:34","slug":"botequim-carioca","status":"publish","type":"page","link":"https:\/\/yuri.com.br\/claudio\/botequim-carioca\/","title":{"rendered":"Botequim carioca"},"content":{"rendered":"<p>[vc_row][vc_column][vc_empty_space height=&#8221;52px&#8221;][vc_text_separator title=&#8221;BOTEQUIM CARIOCA&#8221; i_icon_fontawesome=&#8221;fas fa-beer&#8221; i_color=&#8221;black&#8221; title_align=&#8221;separator_align_left&#8221; align=&#8221;align_left&#8221; style=&#8221;shadow&#8221; add_icon=&#8221;true&#8221;][vc_column_text]<\/p>\n<p style=\"text-align: justify;\">\u00a0 \u00a0 \u00a0 Ap\u00f3s deixar o Rio de Janeiro, devo aqui umas anota\u00e7\u00f5es sobre algo que muito me transformou nessa babil\u00f4nia. Achei melhor escrever logo antes que minha falha mem\u00f3ria deixe algumas importantes emo\u00e7\u00f5es para tr\u00e1s&#8230;<\/p>\n<p style=\"text-align: justify;\">\u00a0 \u00a0 \u00a0Me mudei ao RJ por volta de 2004. Nestes 6 anos, o meu amor pelo Rio foi altamente influenciado, sobretudo, por uma atividade que pode soar marginal para muitos, mas foi essencial para minha evolu\u00e7\u00e3o como gente: frequentar botequins.<\/p>\n<blockquote><p>botequim carioca \u00e9 um s\u00edmbolo de resist\u00eancia, de amor \u00e0s ra\u00edzes<\/p><\/blockquote>\n<p style=\"text-align: justify;\">\u00a0 \u00a0 \u00a0&#8220;Boteco&#8221; pode lembrar p\u00e9-sujo, um cantinho nojento, onde velhos largados passam as noites bebendo. Por algum motivo (que me sugere a \u00e9poca de faculdade de comunica\u00e7\u00e3o e artes), desde os meus primeiros dias no Rio eu comecei a me interessar por esses estabelecimentos. Morava ao lado de shopping center mas preferia andar bem mais, tarde da noite, pra ir jantar no botequim depois do treino. Em alguns meses eu fui percebendo que os verdadeiros botequins n\u00e3o s\u00e3o simples com\u00e9rcios &#8211; bares, mercearias, caf\u00e9s, etc. &#8211; algo muito al\u00e9m se respira nestes locais. Um sentimento de arque\u00f3logo urbano foi nascendo em mim, fascinado com tesouros em plena vida no meio do caos da cidade grande, emanando de dentro de ref\u00fagios jur\u00e1ssicos. Hoje, em um mundo que sofre ataques fulminantes do capitalismo, o aut\u00eantico botequim \u00e9 um sobrevivente her\u00f3ico cujo lucro mal lhe importa. Tradi\u00e7\u00f5es gastron\u00f4micas s\u00e3o cultivadas com eterna fidelidade \u00e0s origens de variadas etnias, onde comer e beber \u00e9 uma experi\u00eancia muito al\u00e9m das sensa\u00e7\u00f5es gustativas, \u00e9 algo como um happy-hour de gera\u00e7\u00f5es, um lugar onde vc, seu pai e seu av\u00f4 se sentiriam em casa, celebrando em um ambiente \u00e0 prova dos tempos. \u00c9 somar muitas d\u00e9cadas de ocasi\u00f5es vividas em um pequeno espa\u00e7o f\u00edsico, por\u00e9m imensur\u00e1vel e hist\u00f3rico patrim\u00f4nio cultural!<\/p>\n<p style=\"text-align: justify;\">\u00a0 \u00a0 \u00a0A\u00ed tu olhas em volta e v\u00ea o dono do buteco ainda ali, 7 dias por semana, sem delegar a gerentes, sem se render \u00e0s filiais, te cumprimentando como se fosse da fam\u00edlia e te servindo sua cacha\u00e7a predileta sem precisar pedir. Pra se ter uma id\u00e9ia, no Adega da Velha eu cheguei at\u00e9 a ganhar presente de casamento do Sr. Mesquita, quem me preparou centenas de minhas refei\u00e7\u00f5es ao longo dos anos. Como eu morava em um conjugado, n\u00e3o preciso justificar mais para declarar que o botequim sempre foi minha primeira casa, e n\u00e3o segunda. E mesmo depois de casado e com ap\u00ea novo, n\u00e3o deixei de bater ponto principalmente no Real Chopp, dos donos Erm\u00edrio e Afonso, portugas que me viram de olhos marejados ao me despedir.<\/p>\n<p style=\"text-align: justify;\">\u00a0 \u00a0 \u00a0Pra quem \u00e9 paulista como eu, logo adorei que botequim carioca n\u00e3o precisa se fantasiar, \u00e9 anti-passarela, vc vai como se estivesse dando um pulo no quintal de casa, de chinelo e bermuda sem se preocupar. Seu balc\u00e3o \u00e9 um zool\u00f3gico, seja pelas iguarias expostas ou pelos mais variados fregueses que fazem sua horinha por ali. J\u00e1 topei at\u00e9 com ex-fuzileiro de guerra alem\u00e3o, sujeito sem as 2 pernas e movido \u00e0 u\u00edsque. No geral \u00e9 gente da vizinhan\u00e7a, com d\u00e9cadas de assiduidade. Gente da 3a. idade, algo que aprendi a n\u00e3o me constranger. Foram tantas as hist\u00f3rias que ouvi como se fossem de pai para filho! Pensando nisso, \u00e9 triste notar esta falta de renova\u00e7\u00e3o na freguesia dos botequins tradicionais. A maioria das minhas companias de boteco tinham idade para ser meu pai. Teria eu nascido na \u00e9poca errada? \u00c9 lament\u00e1vel constatar que as gera\u00e7\u00f5es mais jovens andam lotando as franchisings do estilo &#8220;p\u00e9-limpo&#8221; (importado de SP), consumindo cegamente. Por isso eu recomendo \u00e0 vc, que acaba de completar 18 anos: frequente um boteco de verdade, fa\u00e7a um investimento na sua alma. Mas enxergue atrav\u00e9s das apar\u00eancias, duvide das sofistica\u00e7\u00f5es, suas despesas et\u00edlicas merecem um destino bem escolhido. E n\u00e3o estou fazendo apologia ao alcoolismo! Tamb\u00e9m n\u00e3o sou contra novidades, mas o Rio de Janeiro me ensinou na pr\u00e1tica que quanto mais preto-e-branco, melhor.<\/p>\n<p style=\"text-align: justify;\">\u00a0 \u00a0 \u00a0O tradicional botequim carioca \u00e9 um s\u00edmbolo de resist\u00eancia, de amor \u00e0s ra\u00edzes. Infelizmente n\u00e3o vemos mais os mesmos poetas de outrora enchendo a cara nos botecos. \u00c9 preciso manter vivo a mesa de bar como palco de discursos sinceramente embriagados, cheios de acaloradas promessas de revolu\u00e7\u00e3o. \u00c9 nos botequins onde eu ainda vejo esperan\u00e7a em um mundo cujo conv\u00edvio social vem migrando para dentro do congelador digital. Vamos pro bar, que l\u00e1 n\u00f3s organizamos o mundo&#8230;<\/p>\n<p style=\"text-align: justify;\">\u00a0 \u00a0 \u00a0Vida longa aos verdadeiros botequins cariocas!<\/p>\n<p>&nbsp;<\/p>\n<h6 style=\"text-align: right;\"><em>S\u00e3o Bento do Sapuca\u00ed, 19 de novembro de 2010<\/em><\/h6>\n<p>[\/vc_column_text][\/vc_column][\/vc_row]<\/p>\n","protected":false},"excerpt":{"rendered":"<p>[vc_row][vc_column][vc_empty_space height=&#8221;52px&#8221;][vc_text_separator title=&#8221;BOTEQUIM CARIOCA&#8221; i_icon_fontawesome=&#8221;fas fa-beer&#8221; i_color=&#8221;black&#8221; title_align=&#8221;separator_align_left&#8221; align=&#8221;align_left&#8221; style=&#8221;shadow&#8221; add_icon=&#8221;true&#8221;][vc_column_text] \u00a0 \u00a0 \u00a0 Ap\u00f3s deixar o Rio de Janeiro, devo aqui umas anota\u00e7\u00f5es sobre algo que muito me transformou nessa babil\u00f4nia. Achei melhor escrever logo antes que minha falha mem\u00f3ria deixe algumas importantes emo\u00e7\u00f5es para tr\u00e1s&#8230; \u00a0 \u00a0 \u00a0Me mudei ao RJ por volta&hellip;&nbsp;<a href=\"https:\/\/yuri.com.br\/claudio\/botequim-carioca\/\" rel=\"bookmark\">Continue a ler &raquo;<span class=\"screen-reader-text\">Botequim carioca<\/span><\/a><\/p>\n","protected":false},"author":1,"featured_media":0,"parent":0,"menu_order":0,"comment_status":"closed","ping_status":"closed","template":"","meta":{"neve_meta_sidebar":"","neve_meta_container":"","neve_meta_enable_content_width":"on","neve_meta_content_width":80,"neve_meta_title_alignment":"","neve_meta_author_avatar":"","neve_post_elements_order":"","neve_meta_disable_header":"","neve_meta_disable_footer":"","neve_meta_disable_title":"","jetpack_post_was_ever_published":false,"footnotes":""},"class_list":["post-10177","page","type-page","status-publish","hentry"],"jetpack_shortlink":"https:\/\/wp.me\/P4i7cB-2E9","jetpack_sharing_enabled":true,"jetpack-related-posts":[{"id":9425,"url":"https:\/\/yuri.com.br\/claudio\/brioche\/","url_meta":{"origin":10177,"position":0},"title":"Brioche","author":"Cl\u00e1udio Brisighello","date":"11\/nov\/2015","format":false,"excerpt":"[vc_row][vc_column][vc_single_image image=\"9428\" img_size=\"full\" alignment=\"center\"][vc_text_separator title=\"INTRODU\u00c7\u00c3O AOS BRIOCHES\" i_icon_fontawesome=\"fas fa-hand-point-right\" i_color=\"black\" i_size=\"sm\" title_align=\"separator_align_left\" border_width=\"4\" add_icon=\"true\" css=\".vc_custom_1689087758144{margin-top: 50px !important;}\"][vc_column_text css=\".vc_custom_1540412865008{margin-bottom: -15px !important;}\"] \u00a0 \u00a0 \u00a0A panifica\u00e7\u00e3o \u00e9 um vasto universo. Eu comecei com os incr\u00edveis p\u00e3es de fermenta\u00e7\u00e3o natural e confesso que um dia cheguei a me dar por satisfeito, n\u00e3o desejando\u2026","rel":"","context":"Post similar","block_context":{"text":"Post similar","link":""},"img":{"alt_text":"","src":"","width":0,"height":0},"classes":[]},{"id":9229,"url":"https:\/\/yuri.com.br\/claudio\/criando-seu-proprio-levain\/","url_meta":{"origin":10177,"position":1},"title":"Fazendo o seu pr\u00f3prio levain","author":"Cl\u00e1udio Brisighello","date":"31\/jul\/2015","format":false,"excerpt":"[vc_row][vc_column][vc_single_image image=\"9361\" img_size=\"full\" alignment=\"center\"][vc_text_separator title=\"CRIANDO A SUA PR\u00d3PRIA CULTURA\" i_icon_fontawesome=\"fas fa-hand-point-right\" i_color=\"black\" i_size=\"sm\" title_align=\"separator_align_left\" border_width=\"4\" add_icon=\"true\"][vc_column_text] \u00a0 \u00a0 \u00a0O m\u00e9todo a seguir \u00e9 baseado em livros e \u201creceitas\u201d de profissionais, mas n\u00e3o h\u00e1 segredo algum, o processo se desencadeia a partir do momento em que se hidrata a farinha e\u2026","rel":"","context":"Post similar","block_context":{"text":"Post similar","link":""},"img":{"alt_text":"","src":"","width":0,"height":0},"classes":[]},{"id":10554,"url":"https:\/\/yuri.com.br\/claudio\/sobre-boulders-e-plaquinhas\/","url_meta":{"origin":10177,"position":2},"title":"Sobre boulders e plaquinhas","author":"Cl\u00e1udio Brisighello","date":"31\/maio\/2021","format":false,"excerpt":"[vc_row][vc_column][vc_empty_space height=\"44px\"][vc_text_separator title=\"SOBRE BOULDERS E PLAQUINHAS\" i_icon_fontawesome=\"fas fa-exclamation-circle\" i_color=\"custom\" i_size=\"sm\" title_align=\"separator_align_left\" border_width=\"4\" add_icon=\"true\" i_custom_color=\"#cc2424\"][vc_column_text] \u00a0 \u00a0 Desde a chegada da pandemia em 2020, as poucas op\u00e7\u00f5es me levaram de volta \u00e0 Pedra do Cruzeiro em Gon\u00e7alves, local que eu n\u00e3o frequentava h\u00e1 6 anos, exceto espor\u00e1dicas visitas aos propriet\u00e1rios para\u2026","rel":"","context":"Post similar","block_context":{"text":"Post similar","link":""},"img":{"alt_text":"","src":"https:\/\/i0.wp.com\/yuri.com.br\/claudio\/wp-content\/uploads\/2021\/05\/croquis.jpg?resize=350%2C200&ssl=1","width":350,"height":200,"srcset":"https:\/\/i0.wp.com\/yuri.com.br\/claudio\/wp-content\/uploads\/2021\/05\/croquis.jpg?resize=350%2C200&ssl=1 1x, https:\/\/i0.wp.com\/yuri.com.br\/claudio\/wp-content\/uploads\/2021\/05\/croquis.jpg?resize=525%2C300&ssl=1 1.5x, https:\/\/i0.wp.com\/yuri.com.br\/claudio\/wp-content\/uploads\/2021\/05\/croquis.jpg?resize=700%2C400&ssl=1 2x, https:\/\/i0.wp.com\/yuri.com.br\/claudio\/wp-content\/uploads\/2021\/05\/croquis.jpg?resize=1050%2C600&ssl=1 3x, https:\/\/i0.wp.com\/yuri.com.br\/claudio\/wp-content\/uploads\/2021\/05\/croquis.jpg?resize=1400%2C800&ssl=1 4x"},"classes":[]},{"id":9305,"url":"https:\/\/yuri.com.br\/claudio\/pao-basico\/","url_meta":{"origin":10177,"position":3},"title":"O p\u00e3o b\u00e1sico de fermenta\u00e7\u00e3o natural","author":"Cl\u00e1udio Brisighello","date":"9\/ago\/2015","format":false,"excerpt":"[vc_row][vc_column][vc_single_image image=\"9673\" img_size=\"full\" alignment=\"center\"][vc_text_separator title=\"O P\u00c3O B\u00c1SICO\" i_icon_fontawesome=\"fas fa-hand-point-right\" i_color=\"black\" i_size=\"sm\" title_align=\"separator_align_left\" border_width=\"4\" add_icon=\"true\" css=\".vc_custom_1689086531307{margin-top: 40px !important;}\"][vc_column_text] \u00a0 \u00a0 \u00a0Agora que entendemos um pouco sobre a\u00a0fermenta\u00e7\u00e3o natural\u00a0e como fazer o nosso pr\u00f3prio levain, vamos finalmente ao que interessa. Mas se voc\u00ea chegou aqui \u00e0 procura de uma r\u00e1pida \"receita de\u2026","rel":"","context":"Post similar","block_context":{"text":"Post similar","link":""},"img":{"alt_text":"","src":"","width":0,"height":0},"classes":[]},{"id":9205,"url":"https:\/\/yuri.com.br\/claudio\/fermentacao-natural\/","url_meta":{"origin":10177,"position":4},"title":"Fermenta\u00e7\u00e3o natural","author":"Cl\u00e1udio Brisighello","date":"31\/jul\/2015","format":false,"excerpt":"[vc_row][vc_column][vc_single_image image=\"9302\" img_size=\"full\" alignment=\"center\"][vc_text_separator title=\"SOBRE O AUTOR\" i_icon_fontawesome=\"fas fa-hand-point-right\" i_color=\"black\" i_size=\"sm\" title_align=\"separator_align_left\" border_width=\"4\" add_icon=\"true\" css=\".vc_custom_1689084950338{padding-bottom: -4px !important;}\"][vc_column_text] \u00a0 \u00a0 \u00a0Primeiramente, ressalto que esta s\u00e9rie de postagens n\u00e3o substitui um curso presencial de panifica\u00e7\u00e3o. No entanto, gosto de buscar e disseminar conhecimento, e desejo dar oportunidade \u00e0queles que n\u00e3o podem pagar\u2026","rel":"","context":"Post similar","block_context":{"text":"Post similar","link":""},"img":{"alt_text":"","src":"https:\/\/i0.wp.com\/yuri.com.br\/claudio\/wp-content\/uploads\/2015\/07\/Fatia.jpg?resize=350%2C200&ssl=1","width":350,"height":200,"srcset":"https:\/\/i0.wp.com\/yuri.com.br\/claudio\/wp-content\/uploads\/2015\/07\/Fatia.jpg?resize=350%2C200&ssl=1 1x, https:\/\/i0.wp.com\/yuri.com.br\/claudio\/wp-content\/uploads\/2015\/07\/Fatia.jpg?resize=525%2C300&ssl=1 1.5x, https:\/\/i0.wp.com\/yuri.com.br\/claudio\/wp-content\/uploads\/2015\/07\/Fatia.jpg?resize=700%2C400&ssl=1 2x, https:\/\/i0.wp.com\/yuri.com.br\/claudio\/wp-content\/uploads\/2015\/07\/Fatia.jpg?resize=1050%2C600&ssl=1 3x"},"classes":[]},{"id":10610,"url":"https:\/\/yuri.com.br\/claudio\/terra-do-nunca\/","url_meta":{"origin":10177,"position":5},"title":"Terra do Nunca","author":"Cl\u00e1udio Brisighello","date":"21\/jun\/2021","format":false,"excerpt":"[vc_row][vc_column][vc_empty_space height=\"52px\"][vc_column_text] TERRA DO NUNCA: senta que l\u00e1 vem text\u00e3o, desses que n\u00e3o cabe em timeline... [\/vc_column_text][vc_single_image image=\"10611\" img_size=\"1600\" alignment=\"center\" style=\"vc_box_rounded\" css_animation=\"fadeIn\" css=\".vc_custom_1689089398661{margin-bottom: 5px !important;}\"][vc_column_text] Quando um projeto deixa de ser guerra, para se tornar igreja... [\/vc_column_text][vc_column_text] No calor do fim de outubro, 2020, uma motiva\u00e7\u00e3o sob circunst\u00e2ncias in\u00e9ditas me\u2026","rel":"","context":"Post similar","block_context":{"text":"Post similar","link":""},"img":{"alt_text":"","src":"https:\/\/i0.wp.com\/yuri.com.br\/claudio\/wp-content\/uploads\/2021\/06\/sd1.jpg?resize=350%2C200&ssl=1","width":350,"height":200,"srcset":"https:\/\/i0.wp.com\/yuri.com.br\/claudio\/wp-content\/uploads\/2021\/06\/sd1.jpg?resize=350%2C200&ssl=1 1x, https:\/\/i0.wp.com\/yuri.com.br\/claudio\/wp-content\/uploads\/2021\/06\/sd1.jpg?resize=525%2C300&ssl=1 1.5x, https:\/\/i0.wp.com\/yuri.com.br\/claudio\/wp-content\/uploads\/2021\/06\/sd1.jpg?resize=700%2C400&ssl=1 2x, https:\/\/i0.wp.com\/yuri.com.br\/claudio\/wp-content\/uploads\/2021\/06\/sd1.jpg?resize=1050%2C600&ssl=1 3x, https:\/\/i0.wp.com\/yuri.com.br\/claudio\/wp-content\/uploads\/2021\/06\/sd1.jpg?resize=1400%2C800&ssl=1 4x"},"classes":[]}],"_links":{"self":[{"href":"https:\/\/yuri.com.br\/claudio\/wp-json\/wp\/v2\/pages\/10177","targetHints":{"allow":["GET"]}}],"collection":[{"href":"https:\/\/yuri.com.br\/claudio\/wp-json\/wp\/v2\/pages"}],"about":[{"href":"https:\/\/yuri.com.br\/claudio\/wp-json\/wp\/v2\/types\/page"}],"author":[{"embeddable":true,"href":"https:\/\/yuri.com.br\/claudio\/wp-json\/wp\/v2\/users\/1"}],"replies":[{"embeddable":true,"href":"https:\/\/yuri.com.br\/claudio\/wp-json\/wp\/v2\/comments?post=10177"}],"version-history":[{"count":8,"href":"https:\/\/yuri.com.br\/claudio\/wp-json\/wp\/v2\/pages\/10177\/revisions"}],"predecessor-version":[{"id":10932,"href":"https:\/\/yuri.com.br\/claudio\/wp-json\/wp\/v2\/pages\/10177\/revisions\/10932"}],"wp:attachment":[{"href":"https:\/\/yuri.com.br\/claudio\/wp-json\/wp\/v2\/media?parent=10177"}],"curies":[{"name":"wp","href":"https:\/\/api.w.org\/{rel}","templated":true}]}}